h(v) = -2*v**3 - 2*v**2 + 5*v + 1. Let r(f) = f**3 + f**2 - 2*f - 1. Let z(y) = -h(y) - 3*r(y). Calculate z(p).
-8
Let u(c) = 367*c**3 + 2*c**2 - 5*c**2 - 3 - 177*c**3 - 189*c**3. Let k be -4*(3 + (-12)/3). Give u(k).
13
Let j(o) = 5*o - 8. Suppose 2*b = -4, 4 - 13 = -3*c + 3*b. Calculate j(c).
-3
Let z(d) = -d**3 - 4154 - 217*d**2 + 196*d**2 + 4157. What is z(-21)?
3
Let w be (-1)/3 - (-20)/6. Let a(s) = s - w*s - 1 + 4*s + 0. Suppose 0 = 8*c - 294 + 326. What is a(c)?
-9
Let g(x) = -14*x - 15*x + 49 + x**3 + 11 - 65 + 56*x**2 - 44*x**2. Determine g(-14).
9
Let n(d) = -3*d**2 - 50*d + 50. Let j(y) = -5*y**2 - 75*y + 75. Let t(b) = 5*j(b) - 8*n(b). Give t(24).
-1
Let f(a) be the first derivative of -a**4/2 + 8*a**3 + 59*a**2/2 - 39*a + 4185. What is f(14)?
3
Let r be (-10)/(25/5) - -8. Suppose -2*l + 8*l + r = 0. Let k be (-35)/80*4*(l + -3). Let y(v) = v - 5. Give y(k).
2
Let t(r) = 66 + 0*r + 51 - r**2 + 15*r - 26. Give t(19).
15
Let p(o) = 7*o**3 + 31*o**2 + 69*o + 4. Let q(t) = -3*t**3 - 16*t**2 - 34*t - 6. Let v(b) = 2*p(b) + 5*q(b). Calculate v(-16).
-22
Let d(w) be the second derivative of -20 - 3/2*w**2 - 1/2*w**3 + w. Let s(y) = -y**3 + 7*y**2 - 7*y + 4. Let p be s(6). Determine d(p).
3
Suppose 498 = 5*g + g. Let a = g + -81. Let l(z) = z + 2. Calculate l(a).
4
Let m(g) be the first derivative of -g**5/4 + g**4/4 - g**3/6 - g**2/2 + 132*g + 209. Let h(w) be the first derivative of m(w). What is h(1)?
-4
Let k(h) = h**3 + h**2 + h + 29. Suppose 2*l - 11 = 61. Let p be 9*3/l + (-6)/8. Give k(p).
29
Let b(c) = -5*c**3 + 15*c**3 - 9*c**3 + c**2 + 1. Let z(u) = 2*u**3 - 5*u. Let r(p) = 3*b(p) - z(p). What is r(-3)?
-12
Suppose -76*f + 81*f = 15. Suppose -m = -5*l + f + 13, -4*l = -4*m. Let v(q) = q - 4*q - 3*q + l*q - 4 + q**2. Determine v(-3).
11
Let m(o) = 51*o - 357. Let c = -7466 - -7473. Calculate m(c).
0
Let b = 297 + -88. Let d(l) = 212*l - 633*l - 21 + 213*l + b*l. Determine d(17).
-4
Let c(r) be the second derivative of -r**5/20 + 3*r**4/4 - r**3/6 + 11*r**2/2 - 2*r. Let p be (-3456)/(-448) - 18/(-14). Calculate c(p).
2
Let c(v) = -27*v - 4. Let a(b) = -b. Let y(r) = 10*r + 1. Let j(f) = -5*a(f) - y(f). Let q(m) = -2*c(m) + 11*j(m). What is q(-3)?
0
Let h(b) = 5*b**3 + 4*b**2 - 8*b + 4. Let y(t) = 7 - 3226*t + 3203*t + 12*t**2 + 5 + 14*t**3. Let g(k) = -17*h(k) + 6*y(k). What is g(3)?
7
Let x(l) be the second derivative of 1/2*l**3 + 0 - 1/20*l**5 - 1/4*l**4 + 40*l + 5/2*l**2. Determine x(-4).
9
Let j(d) be the first derivative of -3*d**4/2 - 4*d**3/3 + d**2/2 + 2*d + 962. Determine j(1).
-7
Let f = -508 + 450. Let l be (f/232)/(2/(-40)). Let c(q) = 7*q - 5. Determine c(l).
30
Let o(m) = 815*m - 814. Let f be o(1). Let l(i) = -25*i + 4. Give l(f).
-21
Let j(l) = 2*l + 25. Let g(f) = -2*f + 1. Let d(s) = 22*s - 38. Let q(r) = -d(r) - 12*g(r). Let w(i) = 5*j(i) - 4*q(i). What is w(-11)?
-1
Let t(v) = 39*v**2 + 24*v - 46. Let c(y) = 8*y**2 + 6*y - 11. Let g(l) = 9*c(l) - 2*t(l). Give g(2).
-19
Let q(g) = 10*g + 63. Let h be q(-6). Let a(w) = 106*w**2 - h*w - 1 + 112*w**2 - 329*w**2 + 112*w**2. Determine a(4).
3
Let t(k) = 3*k**3 - k**2 - k - 2. Let o be (-3 - 78/(-24))*-796. Let y = 201 + o. Determine t(y).
16
Let g(l) = 13*l - 16. Let c(a) = 3*a - 3. Suppose 5*w - j + 57 = 0, -3*w - 9*j - 41 = -13*j. Let y(r) = w*c(r) + 2*g(r). What is y(3)?
-20
Let y(d) = -9*d**2 + d + 3. Let r be 4*-1 - (51 + -56). Calculate y(r).
-5
Suppose -7*l + 41 = 4*a - 12*l, -2*a - 4*l = 12. Suppose -a*u + 4 = -3*i - 0*i, 3*u = 3. Let s(m) = 2*m - 9. Calculate s(i).
-9
Let q(c) = -c**2 - 3*c + 1. Let r be 1 + 6 + (7 - 429). Let f = -419 - r. Give q(f).
-3
Let o be -1*(-4)/(-6)*6 + -5. Let f(l) = -l - 71*l**2 + l**3 + 5 + 79*l**2 - 8*l. Give f(o).
5
Let w(l) = 5*l**2 + 2 - 2*l - 6 + l**3 + 2. Let a(k) = -2*k**3 + 12*k**2 + 13*k + 11. Let j be a(7). Suppose 1 = -h + 2*f, 4*h - j*f + 2 = -10. Calculate w(h).
8
Let z(i) = -2*i**2 + 10*i + 3. Let n(h) = -h**3 - 6*h**2 - 6*h. Let f be n(-5). Give z(f).
3
Let u(i) = 4*i**2 + i + 3. Let d(y) = -y**2 + y. Let a = 557 + -556. Let p(q) = 2*q - 1. Let j be p(2). Let x(w) = a*u(w) + j*d(w). Calculate x(-2).
-1
Let a = -833 - -840. Suppose -4*b = -4*p + 52, 3*b + 11*p - a*p + 67 = 0. Let v(q) = -q**2 - 17*q - 8. Calculate v(b).
-8
Let o be (6/4 - 2)*0. Suppose 2*f + 0*f + 10 = o. Let y(n) be the second derivative of n**4/12 - n**3/3 - 7*n**2/2 + 637*n. What is y(f)?
28
Let x(q) = 464. Let n(j) = -j - 232. Let o(a) = 5*n(a) + 2*x(a). Determine o(-45).
-7
Let g(b) = 2*b - 6. Suppose -2*i - 5*c + 5 = 0, -5*c + 8 = -5*i + 108. Suppose 0 = -3*z + z + 52. Suppose 0 = i*t - z*t + 66. What is g(t)?
6
Let g(n) = -n - 12. Let b = 24 - 40. Let o be g(b). Suppose 2*x = -o*x + 24. Let j(w) = -w**3 + 3*w**2 + 2*w + 2. What is j(x)?
-6
Let v = -98 - -102. Let z(n) = 149 + 2*n - 68 - n**2 - 5*n - 76. Give z(v).
-23
Let z be 45/20 - (-2)/(-8). Suppose 5*x + 2*u + z*u + 2 = 0, 2*x - 2*u = -8. Let n be 20/24*3*x. Let s(j) = j + 12. Give s(n).
7
Let c(g) be the first derivative of -1/2*g**2 - 11*g - 271. Determine c(-17).
6
Let z(h) = h**3 + 6*h**2 + 3*h + 3. Let p = -357 + 365. Suppose -1 = -5*v - 4*c, 7*c = 5*c + p. Determine z(v).
21
Let v(x) = 2*x**2 + x - 2. Let d(z) = -z**2 - z - 2. Let r be 3*10/6 - (0 + 3). Let u(i) = r*d(i) - v(i). Determine u(-1).
-3
Suppose -5*j = 5*d + 15 + 15, -3*d - 5*j = 22. Let v be (3 + -1)/(d/6). Let k(o) be the second derivative of o**4/12 + 5*o**3/6 - o**2 + 73838*o. Give k(v).
-8
Let f(l) be the second derivative of l**3/3 + 37*l**2/2 + 2*l - 62. Give f(-23).
-9
Let g(k) be the third derivative of -k**4/24 - 7*k**3/3 - 2*k**2. Suppose 123*y + 44*y + 1833 = 26*y. What is g(y)?
-1
Let z(k) = k + 54. Let a be z(18). Let o = a - 134. Let i = o - -71. Let y(f) = -f - 13. Determine y(i).
-22
Let q(d) = 3*d + 2*d - 3*d**3 + 2*d**3 + 5*d**2. Let b(m) = 4*m - 3. Let c be b(-1). Let v be 3 - 28/(-10) - c/35. Determine q(v).
-6
Let p = 67 - 70. Let f(y) = 4 + 814*y**2 - 1628*y**2 - 1 + 813*y**2 - 2*y. What is f(p)?
0
Let y(c) = 7*c + 1. Suppose 0 = 3*w - 14 + 8. Let n(s) = -39*s**2 + 38*s**2 + s + w*s + 5. Let p be n(4). Calculate y(p).
8
Let y(d) = 5*d + 551. Let t(z) = -18*z - 1836. Let h(s) = -3*t(s) - 10*y(s). Suppose -18 = 4*o + 2*p, -16 = -0*o + 3*o + 4*p. Give h(o).
-18
Let b(k) = k**3 - 10*k**2 + 14*k - 49. Suppose 31*r - 94*r + 755 = 188. Give b(r).
-4
Let n(m) = -7*m + 6. Let g be (1 - 2) + -21 + 14 + 9. What is n(g)?
-1
Let v(n) be the third derivative of n**5/30 + 11*n**4/6 - 7*n**3/6 + 875*n**2. Calculate v(-22).
-7
Let h(g) = 2*g**3 - g**2 + 3*g + 2. Let s = -2452 - -2455. Calculate h(s).
56
Suppose -258 - 849 = -369*w. Let j(t) = -10*t**2 + 13. What is j(w)?
-77
Suppose -2*v - 2*v = w - 577, 5*v + 5*w = 725. Suppose v = 4*l + 180. Let r(u) = -u**3 - 10*u**2 - 10*u - 12. Determine r(l).
-3
Suppose 10*a = 5*a + 10. Suppose a*t + 12 - 2 = 0. Let l(y) = 2 - 2 - 6*y**2 - 5 - 6*y - y**3 + 4. Determine l(t).
4
Let j(p) be the second derivative of 10*p + 2*p**2 + 1/20*p**5 + 0*p**3 - 1/12*p**4 + 1. Give j(3).
22
Let f(i) = -i + 5. Let x(a) be the third derivative of 0*a + 1/60*a**5 + 0 - 13/24*a**4 - 13/2*a**3 + 18*a**2. Let u be x(16). Calculate f(u).
-4
Let h(u) = -6*u - 5. Let l(f) = -f - 1. Let p be 2 - 1 - (4 - 1 - -2). Let r be p/((-4)/(-5))*4/(-10). Let y(q) = r*h(q) - 11*l(q). Calculate y(-2).
3
Let i(x) = 37*x - 17*x**2 - 404*x**3 + 403*x**3 + x + 18 - 17*x. Give i(-18).
-36
Let v(f) = 7*f - 40. Suppose -4*z = -0*z + 509 - 525. Calculate v(z).
-12
Let q(n) = n**2 + 11*n + 1. Suppose 890*d - 865*d = -275. Calculate q(d).
1
Let g(j) = 5*j + 2. Let d(o) = 2*o + 16. Let p be d(-8). Suppose p = -4*b + 2*b + 4. Let f be b*((2 - 1) + -2). Calculate g(f).
-8
Let r(n) = n - 19. Let o be 112/40*(-5)/(-4)*4. Suppose -8*i = o*i + 6*i. What is r(i)?
-19
Suppose -48*t = 130*t - 534. Let w(h) = -h**3 + 2*h**2 + h - 7. Determine w(t).
-13
Let f(m) = -2*m - 23. Let t be f(-6). Let w = t - -26. Let c(y) = 3*y + 6 - w - y**2 + 5 + 0*y**2. What is c(4)?
-8
Let s(h) = 3*h - 1. Let l(y) = -4*y + 2. Let c(j) = -j**2 - 2*j + 4. Let q be c(-4). Let r(z) = q*l(z) - 6*s(z). Let a = 43 + -47. Determine r(a).
6
Let g(k) be the second derivative of k**4/12 + 3*k**3/2 - k**2 - 717*k. Calculate g(-5).
-22
Let u(m) = 2*m + 5.